 495157 is divided by 55016?
13
What is the remainder when 35344319 is divided by 264?
263
Calculate the remainder when 24181134 is divided by 7.
5
Calculate the remainder when 240579820 is divided by 4247.
11
What is the remainder when 3269981 is divided by 363330?
11
Calculate the remainder when 33596 is divided by 16256.
1084
Calculate the remainder when 308990130 is divided by 6857.
6853
What is the remainder when 1572012 is divided by 332?
324
What is the remainder when 69942288 is divided by 30?
18
Calculate the remainder when 80465 is divided by 134.
65
Calculate the remainder when 1345733 is divided by 81.
80
Calculate the remainder when 451746 is divided by 767.
750
What is the remainder when 6963673 is divided by 8629?
70
What is the remainder when 303289150 is divided by 19?
16
Calculate the remainder when 104724 is divided by 12365.
5804
Calculate the remainder when 1031254 is divided by 2900.
1754
Calculate the remainder when 1220246 is divided by 6289.
180
Calculate the remainder when 3308 is divided by 811.
64
What is the remainder when 35019420 is divided by 225?
195
Calculate the remainder when 340609 is divided by 279.
229
Calculate the remainder when 8687959 is divided by 13923.
7
What is the remainder when 132270922 is divided by 230?
222
What is the remainder when 12908002 is divided by 1044?
1030
What is the remainder when 1491477 is divided by 20155?
7
What is the remainder when 568491 is divided by 14?
7
Calculate the remainder when 1399309 is divided by 57.
16
What is the remainder when 7278740 is divided by 74?
26
Calculate the remainder when 28150 is divided by 2338.
94
What is the remainder when 38834 is divided by 38590?
244
Calculate the remainder when 197080 is divided by 24620.
120
Calculate the remainder when 6010634 is divided by 2003112.
1298
What is the remainder when 80789 is divided by 80758?
31
Calculate the remainder when 97467802 is divided by 38.
6
Calculate the remainder when 4578513 is divided by 915701.
8
Calculate the remainder when 19893289 is divided by 209403.
4
What is the remainder when 828683 is divided by 49?
44
What is the remainder when 4421190 is divided by 130?
20
Calculate the remainder when 90679473 is divided by 25.
23
What is the remainder when 11471262 is divided by 581?
579
Calculate the remainder when 3920871 is divided by 191.
23
What is the remainder when 635520 is divided by 105904?
96
Calculate the remainder when 12690 is divided by 9034.
3656
Calculate the remainder when 663057 is divided by 1073.
1016
Calculate the remainder when 23799 is divided by 23752.
47
What is the remainder when 6502386 is divided by 6502379?
7
What is the remainder when 1817125 is divided by 145?
130
What is the remainder when 342711681 is divided by 147?
144
Calculate the remainder when 411204 is divided by 136012.
3168
What is the remainder when 2732186 is divided by 683039?
30
What is the remainder when 5464455 is divided by 237?
183
Calculate the remainder when 9829212 is divided by 2356.
2336
What is the remainder when 153624 is divided by 16441?
5655
What is the remainder when 2122582 is divided by 1061284?
14
What is the remainder when 19401792 is divided by 1385842?
4
Calculate the remainder when 96579 is divided by 1446.
1143
What is the remainder when 7604095 is divided by 2395?
2365
What is the remainder when 671627 is divided by 6856?
6595
What is the remainder when 128369 is divided by 6943?
3395
Calculate the remainder when 7227456 is divided by 328518.
60
What is the remainder when 147747 is divided by 15868?
4935
What is the remainder when 158757 is divided by 3055?
2952
What is the remainder when 16395755 is divided by 37953?
59
What is the remainder when 1951957 is divided by 1951858?
99
What is the remainder when 822223 is divided by 201?
133
Calculate the remainder when 1095868 is divided by 845.
748
Calculate the remainder when 163458 is divided by 163121.
337
Calculate the remainder when 1442755 is divided by 480904.
43
Calculate the remainder when 600929 is divided by 600771.
158
Calculate the remainder when 4713091 is divided by 24.
19
Calculate the remainder when 35592006 is divided by 178.
16
What is the remainder when 3137009 is divided by 510?
509
Calculate the remainder when 1694218 is divided by 2034.
1930
Calculate the remainder when 341455 is divided by 341453.
2
What is the remainder when 1171977 is divided by 585988?
1
Calculate the remainder when 3180737 is divided by 45439.
7
What is the remainder when 489497 is divided by 244706?
85
Calculate the remainder when 19248 is divided by 904.
264
Calculate the remainder when 181120 is divided by 7522.
592
What is the remainder when 8727374 is divided by 34?
16
Calculate the remainder when 268935 is divided by 10333.
277
Calculate the remainder when 49436320 is divided by 706233.
10
What is the remainder when 47347870 is divided by 373?
369
Calculate the remainder when 51281246 is divided by 68.
66
What is the remainder when 1393469 is divided by 52?
25
Calculate the remainder when 907488 is divided by 1797.
3
Calculate the remainder when 444497 is divided by 2364.
65
What is the remainder when 14477356 is divided by 40?
36
What is the remainder when 2702634 is divided by 24130?
74
What is the remainder when 26874 is divided by 6622?
386
What is the remainder when 20984262 is divided by 316?
282
Calculate the remainder when 3885512 is divided by 219.
14
Calculate the remainder when 900960 is divided by 9193.
46
What is the remainder when 67231097 is divided by 25?
22
Calculate the remainder when 288781532 is divided by 695.
692
Calculate the remainder when 45706586 is divided by 5247.
5216
What is the remainder when 18317 is divided by 608?
77
Calculate the remainder when 44238015 is divided by 10.
5
What is the remainder when 102937 is divided by 13419?
9004
Calculate the remainder when 5756629 is divided by 337.
332
What is the remainder when 90265 is divided by 42832?
4601
What is the remainder when 22037954 is divided by 2754743?
10
What is the remainder when 238675 is divided by 1262?
157
Calculate the remainder when 428654 is divided by 35718.
38
What is the remainder when 81204652 is divided by 5?
2
Calculate the remainder when 2227420 is divided by 206.
148
Calculate the remainder when 158120 is divided by 1049.
770
What is the remainder when 155788 is divided by 1603?
297
Calculate the remainder when 5892861 is divided by 13833.
3
Calculate the remainder when 80059517 is divided by 26686501.
14
What is the remainder when 11379461 is divided by 421459?
68
Calculate the remainder when 4747 is divided by 2265.
217
What is the remainder when 4276187 is divided by 10304?
27
Calculate the remainder when 99449619 is divided by 15.
9
Calculate the remainder when 6703559 is divided by 1174.
19
What is the remainder when 24332804 is divided by 46884?
8
What is the remainder when 3903479 is divided by 72?
71
What is the remainder when 1245321 is divided by 28960?
41
What is the remainder when 46993497 is divided by 675?
672
Calculate the remainder when 141064 is divided by 6125.
189
What is the remainder when 14362128 is divided by 4263?
81
What is the remainder when 1217303 is divided by 507?
503
What is the remainder when 25063 is divided by 1475?
1463
What is the remainder when 25125181 is divided by 448?
445
Calculate the remainder when 4664181 is divided by 774.
57
Calculate the remainder when 531144 is divided by 94.
44
Calculate the remainder when 41694167 is divided by 235.
232
Calculate the remainder when 176871014 is divided by 203300.
14
Calculate the remainder when 1502011 is divided by 124862.
3667
What is the remainder when 2115472 is divided by 65?
47
Calculate the remainder when 11041022 is divided by 272.
270
What is the remainder when 304071 is divided by 852?
759
Calculate the remainder when 88575 is divided by 43298.
1979
What is the remainder when 134115 is divided by 5818?
301
Calculate the remainder when 7759756 is divided by 5.
1
What is the remainder when 15642 is divided by 876?
750
Calculate the remainder when 314608 is divided by 1550.
1508
What is the remainder when 35657 is divided by 347?
263
What is the remainder when 9321851 is divided by 417?
233
Calculate the remainder when 289674 is 